{"id":13598,"date":"2014-04-12T10:25:07","date_gmt":"2014-04-12T13:25:07","guid":{"rendered":"https:\/\/gilfuentes.com.br\/novo\/wp-content\/uploads\/2014\/04\/d4_3-Afr\u00e2nio-Evaristo-Joe-Cintia-Renata-Lira-e-Jos\u00e9-Renato-da-Silva-ok.jpg"},"modified":"2014-04-12T10:25:07","modified_gmt":"2014-04-12T13:25:07","slug":"d4_3-afranio-evaristo-joe-cintia-renata-lira-e-jose-renato-da-silva-ok","status":"inherit","type":"attachment","link":"https:\/\/gilfuentes.com.br\/novo\/baile-da-melhoridade-2\/d4_3-afranio-evaristo-joe-cintia-renata-lira-e-jose-renato-da-silva-ok","title":{"rendered":"d4_3-Afr\u00e2nio Evaristo Joe, Cintia Renata Lira, e Jos\u00e9 Renato da Silva-ok"},"author":1,"featured_media":0,"comment_status":"closed","ping_status":"closed","template":"","meta":[],"class_list":["post-13598","attachment","type-attachment","status-inherit","hentry"],"description":{"rendered":"<p class=\"attachment\"><a href='https:\/\/gilfuentes.com.br\/novo\/wp-content\/uploads\/2014\/04\/d4_3-Afr\u00e2nio-Evaristo-Joe-Cintia-Renata-Lira-e-Jos\u00e9-Renato-da-Silva-ok.jpg'><img loading=\"lazy\" decoding=\"async\" width=\"375\" height=\"250\" src=\"https:\/\/gilfuentes.com.br\/novo\/wp-content\/uploads\/2014\/04\/d4_3-Afr\u00e2nio-Evaristo-Joe-Cintia-Renata-Lira-e-Jos\u00e9-Renato-da-Silva-ok-375x250.jpg\" class=\"attachment-medium size-medium\" alt=\"\" srcset=\"https:\/\/gilfuentes.com.br\/novo\/wp-content\/uploads\/2014\/04\/d4_3-Afr\u00e2nio-Evaristo-Joe-Cintia-Renata-Lira-e-Jos\u00e9-Renato-da-Silva-ok-375x250.jpg 375w, https:\/\/gilfuentes.com.br\/novo\/wp-content\/uploads\/2014\/04\/d4_3-Afr\u00e2nio-Evaristo-Joe-Cintia-Renata-Lira-e-Jos\u00e9-Renato-da-Silva-ok-1024x682.jpg 1024w\" sizes=\"auto, (max-width: 375px) 100vw, 375px\" \/><\/a><\/p>\n"},"caption":{"rendered":"<p>Joe, C\u00edntia e Jos\u00e9 Renato<\/p>\n"},"alt_text":"","media_type":"image","mime_type":"image\/jpeg","media_details":{"width":5184,"height":3456,"file":"2014\/04\/d4_3-Afr\u00e2nio-Evaristo-Joe-Cintia-Renata-Lira-e-Jos\u00e9-Renato-da-Silva-ok.jpg","sizes":{"thumbnail":{"file":"d4_3-Afr\u00e2nio-Evaristo-Joe-Cintia-Renata-Lira-e-Jos\u00e9-Renato-da-Silva-ok-150x150.jpg","width":150,"height":150,"mime_type":"image\/jpeg","source_url":"https:\/\/gilfuentes.com.br\/novo\/wp-content\/uploads\/2014\/04\/d4_3-Afr\u00e2nio-Evaristo-Joe-Cintia-Renata-Lira-e-Jos\u00e9-Renato-da-Silva-ok-150x150.jpg"},"medium":{"file":"d4_3-Afr\u00e2nio-Evaristo-Joe-Cintia-Renata-Lira-e-Jos\u00e9-Renato-da-Silva-ok-375x250.jpg","width":375,"height":250,"mime_type":"image\/jpeg","source_url":"https:\/\/gilfuentes.com.br\/novo\/wp-content\/uploads\/2014\/04\/d4_3-Afr\u00e2nio-Evaristo-Joe-Cintia-Renata-Lira-e-Jos\u00e9-Renato-da-Silva-ok-375x250.jpg"},"large":{"file":"d4_3-Afr\u00e2nio-Evaristo-Joe-Cintia-Renata-Lira-e-Jos\u00e9-Renato-da-Silva-ok-1024x682.jpg","width":1024,"height":682,"mime_type":"image\/jpeg","source_url":"https:\/\/gilfuentes.com.br\/novo\/wp-content\/uploads\/2014\/04\/d4_3-Afr\u00e2nio-Evaristo-Joe-Cintia-Renata-Lira-e-Jos\u00e9-Renato-da-Silva-ok-1024x682.jpg"},"upz-big":{"file":"d4_3-Afr\u00e2nio-Evaristo-Joe-Cintia-Renata-Lira-e-Jos\u00e9-Renato-da-Silva-ok-460x340.jpg","width":460,"height":340,"mime_type":"image\/jpeg","source_url":"https:\/\/gilfuentes.com.br\/novo\/wp-content\/uploads\/2014\/04\/d4_3-Afr\u00e2nio-Evaristo-Joe-Cintia-Renata-Lira-e-Jos\u00e9-Renato-da-Silva-ok-460x340.jpg"},"upz-small":{"file":"d4_3-Afr\u00e2nio-Evaristo-Joe-Cintia-Renata-Lira-e-Jos\u00e9-Renato-da-Silva-ok-85x70.jpg","width":85,"height":70,"mime_type":"image\/jpeg","source_url":"https:\/\/gilfuentes.com.br\/novo\/wp-content\/uploads\/2014\/04\/d4_3-Afr\u00e2nio-Evaristo-Joe-Cintia-Renata-Lira-e-Jos\u00e9-Renato-da-Silva-ok-85x70.jpg"},"full":{"file":"d4_3-Afr\u00e2nio-Evaristo-Joe-Cintia-Renata-Lira-e-Jos\u00e9-Renato-da-Silva-ok.jpg","width":5184,"height":3456,"mime_type":"image\/jpeg","source_url":"https:\/\/gilfuentes.com.br\/novo\/wp-content\/uploads\/2014\/04\/d4_3-Afr\u00e2nio-Evaristo-Joe-Cintia-Renata-Lira-e-Jos\u00e9-Renato-da-Silva-ok.jpg"}},"image_meta":{"aperture":4,"credit":"","camera":"Canon EOS REBEL T3i","caption":"","created_timestamp":1396731030,"copyright":"","focal_length":"21","iso":"400","shutter_speed":"0.0166666666667","title":""}},"post":13595,"source_url":"https:\/\/gilfuentes.com.br\/novo\/wp-content\/uploads\/2014\/04\/d4_3-Afr\u00e2nio-Evaristo-Joe-Cintia-Renata-Lira-e-Jos\u00e9-Renato-da-Silva-ok.jpg","_links":{"self":[{"href":"https:\/\/gilfuentes.com.br\/novo\/wp-json\/wp\/v2\/media\/13598","targetHints":{"allow":["GET"]}}],"collection":[{"href":"https:\/\/gilfuentes.com.br\/novo\/wp-json\/wp\/v2\/media"}],"about":[{"href":"https:\/\/gilfuentes.com.br\/novo\/wp-json\/wp\/v2\/types\/attachment"}],"author":[{"embeddable":true,"href":"https:\/\/gilfuentes.com.br\/novo\/wp-json\/wp\/v2\/users\/1"}],"replies":[{"embeddable":true,"href":"https:\/\/gilfuentes.com.br\/novo\/wp-json\/wp\/v2\/comments?post=13598"}],"wp:attached-to":[{"embeddable":true,"post_type":"post","id":13595,"href":"https:\/\/gilfuentes.com.br\/novo\/wp-json\/wp\/v2\/posts\/13595"}],"curies":[{"name":"wp","href":"https:\/\/api.w.org\/{rel}","templated":true}]}}

https://gilfuentes.com.br/novo/wp-content/uploads/2014/04/d4_3-Afrânio-Evaristo-Joe-Cintia-Renata-Lira-e-José-Renato-da-Silva-ok.jpg

d4_3-Afrânio Evaristo Joe, Cintia Renata Lira, e José Renato da Silva-ok

<p class="attachment"><a href='https://gilfuentes.com.br/novo/wp-content/uploads/2014/04/d4_3-Afrânio-Evaristo-Joe-Cintia-Renata-Lira-e-José-Renato-da-Silva-ok.jpg'><img loading="lazy" decoding="async" width="375" height="250" src="https://gilfuentes.com.br/novo/wp-content/uploads/2014/04/d4_3-Afrânio-Evaristo-Joe-Cintia-Renata-Lira-e-José-Renato-da-Silva-ok-375x250.jpg" class="attachment-medium size-medium" alt="" srcset="https://gilfuentes.com.br/novo/wp-content/uploads/2014/04/d4_3-Afrânio-Evaristo-Joe-Cintia-Renata-Lira-e-José-Renato-da-Silva-ok-375x250.jpg 375w, https://gilfuentes.com.br/novo/wp-content/uploads/2014/04/d4_3-Afrânio-Evaristo-Joe-Cintia-Renata-Lira-e-José-Renato-da-Silva-ok-1024x682.jpg 1024w" sizes="auto, (max-width: 375px) 100vw, 375px" /></a></p>

<p>Joe, Cíntia e José Renato</p>

2014/04/d4_3-Afrânio-Evaristo-Joe-Cintia-Renata-Lira-e-José-Renato-da-Silva-ok.jpg

d4_3-Afrânio-Evaristo-Joe-Cintia-Renata-Lira-e-José-Renato-da-Silva-ok-150x150.jpg

https://gilfuentes.com.br/novo/wp-content/uploads/2014/04/d4_3-Afrânio-Evaristo-Joe-Cintia-Renata-Lira-e-José-Renato-da-Silva-ok-150x150.jpg

d4_3-Afrânio-Evaristo-Joe-Cintia-Renata-Lira-e-José-Renato-da-Silva-ok-375x250.jpg

https://gilfuentes.com.br/novo/wp-content/uploads/2014/04/d4_3-Afrânio-Evaristo-Joe-Cintia-Renata-Lira-e-José-Renato-da-Silva-ok-375x250.jpg

d4_3-Afrânio-Evaristo-Joe-Cintia-Renata-Lira-e-José-Renato-da-Silva-ok-1024x682.jpg

https://gilfuentes.com.br/novo/wp-content/uploads/2014/04/d4_3-Afrânio-Evaristo-Joe-Cintia-Renata-Lira-e-José-Renato-da-Silva-ok-1024x682.jpg

d4_3-Afrânio-Evaristo-Joe-Cintia-Renata-Lira-e-José-Renato-da-Silva-ok-460x340.jpg

https://gilfuentes.com.br/novo/wp-content/uploads/2014/04/d4_3-Afrânio-Evaristo-Joe-Cintia-Renata-Lira-e-José-Renato-da-Silva-ok-460x340.jpg

d4_3-Afrânio-Evaristo-Joe-Cintia-Renata-Lira-e-José-Renato-da-Silva-ok-85x70.jpg

https://gilfuentes.com.br/novo/wp-content/uploads/2014/04/d4_3-Afrânio-Evaristo-Joe-Cintia-Renata-Lira-e-José-Renato-da-Silva-ok-85x70.jpg

d4_3-Afrânio-Evaristo-Joe-Cintia-Renata-Lira-e-José-Renato-da-Silva-ok.jpg
